{"id":17,"date":"2023-03-16T13:58:54","date_gmt":"2023-03-16T10:58:54","guid":{"rendered":"https:\/\/gamabetyeniampadresi.org\/?page_id=17"},"modified":"2024-12-04T15:27:26","modified_gmt":"2024-12-04T12:27:26","slug":"gamabet-gamabet-giris","status":"publish","type":"page","link":"https:\/\/gamabetyeniampadresi.org\/","title":{"rendered":"Gamabet Resmi Sitesine Giri\u015f Yap &#038; \u00dcye Ol"},"content":{"rendered":"<p><a href=\"http:\/\/gamaaff.com\/links\/?btag=551921\" target=\"_blank\" rel=\"nofollow noopener\"><img loading=\"lazy\" decoding=\"async\" class=\"size-full wp-image-178 aligncenter\" src=\"https:\/\/gamabetyeniampadresi.org\/wp-content\/uploads\/2024\/11\/gamabet-yeni-banner.jpg\" alt=\"\" width=\"728\" height=\"90\" srcset=\"https:\/\/gamabetyeniampadresi.org\/wp-content\/uploads\/2024\/11\/gamabet-yeni-banner.jpg 728w, https:\/\/gamabetyeniampadresi.org\/wp-content\/uploads\/2024\/11\/gamabet-yeni-banner-300x37.jpg 300w\" sizes=\"auto, (max-width: 728px) 100vw, 728px\" \/><\/a><\/p>\n<p><strong>Gamabet<\/strong>, bahis sekt\u00f6r\u00fcnde \u00fcyelerine sundu\u011fu f\u0131rsatlarla \u00f6ne \u00e7\u0131kan bir platformdur. Kazan\u00e7 ad\u0131na \u00e7e\u015fitli olanaklar tan\u0131yan site, m\u00fc\u015fteri memnuniyeti ve g\u00fcvenilirli\u011fi sa\u011flar. Birbirinden farkl\u0131 avantajl\u0131 bonuslar, canl\u0131 destek ve bahis alternatifleriyle ilgi \u00e7eker.<\/p>\n<p style=\"text-align: center;\"><a class=\"maxbutton-1 maxbutton maxbutton-gamabet-giried19f-yap-kayd-t-ol\" target=\"_blank\" rel=\"nofollow noopener\" href=\"http:\/\/gamaaff.com\/links\/?btag=551921\"><span class='mb-text'>Gamabet Giri\u015f Yap &amp; Kay\u0131t Ol<\/span><\/a><\/p>\n<p>Kullan\u0131c\u0131lara kay\u0131t olma, \u00f6deme yapma ve ileti\u015fime ge\u00e7me gibi bir\u00e7ok konuda kolayl\u0131k sa\u011flad\u0131\u011f\u0131 i\u00e7in tercih edilir. Siz de Gamabet\u2019in bu avantajl\u0131 \u00f6zelliklerinden faydalanmak i\u00e7in siteye \u00fcye olabilirsiniz.<\/p>\n<h2>Gamabet G\u00fcvenilir mi?<\/h2>\n<p><img loading=\"lazy\" decoding=\"async\" class=\"wp-image-117 aligncenter\" src=\"https:\/\/gamabetyeniampadresi.org\/wp-content\/uploads\/2024\/05\/Gamabet.png\" alt=\"Gamabet\" width=\"886\" height=\"399\" srcset=\"https:\/\/gamabetyeniampadresi.org\/wp-content\/uploads\/2024\/05\/Gamabet.png 3402w, https:\/\/gamabetyeniampadresi.org\/wp-content\/uploads\/2024\/05\/Gamabet-300x135.png 300w, https:\/\/gamabetyeniampadresi.org\/wp-content\/uploads\/2024\/05\/Gamabet-1024x461.png 1024w, https:\/\/gamabetyeniampadresi.org\/wp-content\/uploads\/2024\/05\/Gamabet-768x346.png 768w, https:\/\/gamabetyeniampadresi.org\/wp-content\/uploads\/2024\/05\/Gamabet-1536x692.png 1536w, https:\/\/gamabetyeniampadresi.org\/wp-content\/uploads\/2024\/05\/Gamabet-2048x922.png 2048w\" sizes=\"auto, (max-width: 886px) 100vw, 886px\" \/><\/p>\n<p>Gamabet, Curacao lisans\u0131 ve Betconstruct yaz\u0131l\u0131m\u0131yla hizmet veren bir bahis platformudur. Buna ba\u011fl\u0131 olarak g\u00fcvenli eri\u015fim imkan\u0131 ve g\u00fcvenilir \u00f6deme y\u00f6ntemleri sunar. Ayr\u0131ca yeni \u00fcyelere \u00f6zel ek bakiye f\u0131rsatlar\u0131 sa\u011flar. Casino ve spor alanlar\u0131nda sunulan ho\u015f geldin, free spin ve freebet kampanyalar\u0131 bunlardan yaln\u0131zca birka\u00e7 tanesidir.<\/p>\n<p>Hile korumal\u0131 yaz\u0131l\u0131m\u0131 ve belgeli lisans\u0131 ile Gamabet, g\u00fcvenilir bahis platformlar\u0131 aras\u0131nda yer al\u0131r. Firma sa\u011flad\u0131\u011f\u0131 bu g\u00fcncellemelerle birlikte, bahisseverler i\u00e7in adil bir oyun ortam\u0131 sunmay\u0131 hedefler.<\/p>\n<h2>Gamabet Hangi Bahis Hizmetlerini Sunar?<\/h2>\n<p>Gamabet, \u00fcyelerine farkl\u0131 se\u00e7eneklerde bahis yapma deneyimi sunar. Nitekim spor ve casino alanlar\u0131nda sa\u011flad\u0131\u011f\u0131 hizmetleriyle dikkat \u00e7eker. B\u00fcnyesinde d\u00fcnyada en \u00e7ok oynanan oyunlar\u0131n yer ald\u0131\u011f\u0131 altyap\u0131 sa\u011flay\u0131c\u0131lar\u0131n\u0131 bulundurur. Bu sayede \u00fcyelere geni\u015f bir oyun ve hizmet yelpazesi vadeder.<\/p>\n<p>Siz de siteye kay\u0131t oldu\u011funuzda a\u015fa\u011f\u0131daki alanlarda bahis yapabilirsiniz:<\/p>\n<ul>\n<li>Slot<\/li>\n<li>Canl\u0131 Casino<\/li>\n<li>Spor Bahisleri<\/li>\n<li>Canl\u0131 Bahis<\/li>\n<li>To Harmony<\/li>\n<li>E-Spor<\/li>\n<li>TV Oyunlar\u0131<\/li>\n<li>Sanal Sporlar<\/li>\n<\/ul>\n<p>Firman\u0131n sundu\u011fu hizmetler aras\u0131nda en fazla, spor bahisleri ilgi g\u00f6r\u00fcr. Liglerin t\u00fcm\u00fcn\u00fc kapsad\u0131\u011f\u0131 i\u00e7in e\u011flence deneyiminizi geni\u015fletir. Ayr\u0131ca global olarak oynanan ma\u00e7lar\u0131n istatistik ve bilgilerini de analiz etme olana\u011f\u0131 tan\u0131r. B\u00f6ylece \u00f6nemli liglerin m\u00fcsabakalar\u0131na eri\u015febilir ve bahis opsiyonlar\u0131ndan yararlanabilirsiniz. Bunun i\u00e7in yapman\u0131z gereken tek \u015fey \u00fcye olmakt\u0131r.<\/p>\n<h3>Gamabet Casino Oyunlar\u0131<\/h3>\n<p>Gamabet, heyecan\u0131n ve keyfin dorukta oldu\u011fu en pop\u00fcler casino oyunlar\u0131n\u0131 sunar. \u00d6zellikle de g\u00fcvenilir ve kaliteli altyap\u0131s\u0131yla canl\u0131 olarak oynama olana\u011f\u0131 tan\u0131r. Platformda en \u00e7ok ilgi g\u00f6ren casino oyunlar\u0131 aras\u0131nda rulet, baccarat, poker ve blackjack yer al\u0131r. Zevkli ve heyecan dolu anlar ya\u015fatan bu bahis se\u00e7enekleri sayesinde y\u00fcksek kazan\u00e7lar elde edebilirsiniz. Platform, canl\u0131 casino opsiyonu ile farkl\u0131 bir deneyim ya\u015fat\u0131r.<\/p>\n<h3>Gamabet Slot Oyunlar\u0131<\/h3>\n<p>Gamabet \u00fczerinde bahis sekt\u00f6r\u00fcnde en \u00e7ok ilgi g\u00f6ren se\u00e7eneklerden olan slot oyunlar\u0131 da yer al\u0131r. Basit bir \u015fekilde oynanabildikleri i\u00e7in \u00fcyeler taraf\u0131ndan tercih edilir. \u00c7ok d\u00fc\u015f\u00fck bahis miktar\u0131n\u0131n oyun oynamak i\u00e7in yetmesi de bir di\u011fer tercih edilme sebebidir. Bir\u00e7ok bahissever, y\u00fcksek kazan\u00e7 ihtimaliyle slot b\u00f6l\u00fcm\u00fcnde vakit ge\u00e7irir. Siz de sitede yer alan e\u011flenceli slot oyunlar\u0131na y\u00f6nelebilirsiniz. \u00dcstelik baz\u0131 oyunlar i\u00e7in sunulan bonus f\u0131rsatlar\u0131yla daha fazla kazan\u00e7 sa\u011flaman\u0131z m\u00fcmk\u00fcn!<\/p>\n<p>Site, kullan\u0131c\u0131 dostu bir aray\u00fcze sahip oldu\u011fu i\u00e7in t\u00fcm oyunlara kolay eri\u015fim sa\u011flayabilirsiniz. Di\u011fer yandan sitenin en cazip y\u00f6nlerinden olan bahislerde y\u00fcksek oran f\u0131rsatlar\u0131 sunar. \u00c7evrimsiz bonus \u00f6zelli\u011fi ile k\u0131s\u0131tlama olmadan \u00f6zel bir olanak tan\u0131r. Ayr\u0131ca sanal, slot ve casino oyunlar\u0131 opsiyonlar\u0131yla e\u011flencenizi \u00fcst seviyeye \u00e7\u0131karman\u0131z\u0131 m\u00fcmk\u00fcn k\u0131lar. T\u00fcm avantajlar\u0131ndan yararlanabilmek i\u00e7in siteyi ziyaret etmeniz yeterlidir.<\/p>\n<h2>Gamabet Kay\u0131t Olma<\/h2>\n<p><img loading=\"lazy\" decoding=\"async\" class=\"wp-image-119 aligncenter\" src=\"https:\/\/gamabetyeniampadresi.org\/wp-content\/uploads\/2024\/05\/gamabet-giris\u0327.png\" alt=\"gamabet giris\u0327\" width=\"1021\" height=\"519\" srcset=\"https:\/\/gamabetyeniampadresi.org\/wp-content\/uploads\/2024\/05\/gamabet-giris\u0327.png 3402w, https:\/\/gamabetyeniampadresi.org\/wp-content\/uploads\/2024\/05\/gamabet-giris\u0327-300x153.png 300w, https:\/\/gamabetyeniampadresi.org\/wp-content\/uploads\/2024\/05\/gamabet-giris\u0327-1024x521.png 1024w, https:\/\/gamabetyeniampadresi.org\/wp-content\/uploads\/2024\/05\/gamabet-giris\u0327-768x391.png 768w, https:\/\/gamabetyeniampadresi.org\/wp-content\/uploads\/2024\/05\/gamabet-giris\u0327-1536x781.png 1536w, https:\/\/gamabetyeniampadresi.org\/wp-content\/uploads\/2024\/05\/gamabet-giris\u0327-2048x1041.png 2048w\" sizes=\"auto, (max-width: 1021px) 100vw, 1021px\" \/><\/p>\n<p>Gamabet&#8217;e \u00fcye olmak i\u00e7in \u00f6ncelikli olarak g\u00fcncel giri\u015f adresini ziyaret etmelisiniz. Ana sayfada en \u00fcst k\u0131s\u0131mda yer alan \u201cKay\u0131t Ol\u201d&#8217; sekmesine t\u0131klayarak ad\u0131mlar\u0131 tamamlayabilirsiniz. Gamabet taraf\u0131ndan sunulan formu eksiksiz bir \u015fekilde doldurduktan sonra, sitenin belirledi\u011fi \u015fartlar\u0131 kabul etmelisiniz. Hesab\u0131n\u0131z\u0131 do\u011frulaman\u0131z\u0131n ard\u0131ndan \u00fcyelik i\u015flemleriniz tamamlan\u0131r. Dolay\u0131s\u0131yla s\u00f6z konusu olan bahis platformuna kay\u0131t olmak sadece birka\u00e7 dakikan\u0131z\u0131 alacak kadar basit ad\u0131mlardan olu\u015fur.<\/p>\n<h2>Gamabet Bonuslar\u0131<\/h2>\n<p>Gamabet, yeni veya aktif \u00fcyelerine birbirinden farkl\u0131 bonus avantajlar\u0131 sunar. \u0130lk kez kay\u0131t olan ve sad\u0131k m\u00fc\u015fterilerden biriyseniz siz de \u00f6zel f\u0131rsatlardan yararlanabilirsiniz. Platform taraf\u0131ndan sunulan en pop\u00fcler bonuslar \u015funlard\u0131r:<\/p>\n<ul>\n<li>Ho\u015f Geldin Bonusu<\/li>\n<li>Kay\u0131p Bonusu<\/li>\n<li>Yat\u0131r\u0131m Bonusu<\/li>\n<li>Freebet ve Free Spin<\/li>\n<li>\u00c7evrimsiz Bonus<\/li>\n<\/ul>\n<p>Gamabet taraf\u0131ndan sunulan bonuslardan \u00fcye olman\u0131z durumunda her zaman faydalanabilirsiniz. E\u011fer yeni kay\u0131t olduysan\u0131z ho\u015f geldin promosyonunu kullanarak siteyi daha yak\u0131ndan tan\u0131yabilirsiniz. Yat\u0131r\u0131m bonusuyla da ek bakiyeler kazanma \u015fans\u0131na sahip olabilirsiniz. Son olarak kay\u0131p kuponu sayesinde zararlar\u0131n\u0131z\u0131 en aza indirerek e\u011flencenize daha kazan\u00e7l\u0131 bir \u015fekilde devam edebilirsiniz.<\/p>\n<h2>Gamabet \u0130leti\u015fim Kanallar\u0131<\/h2>\n<p>Gamabet ileti\u015fim kanallar\u0131, her zaman aktif oldu\u011fu i\u00e7in istedi\u011finiz zaman eri\u015febilirsiniz. 7\/24 canl\u0131 destek hizmeti, g\u00fcn\u00fcn her saatinde kar\u015f\u0131la\u015ft\u0131\u011f\u0131n\u0131z sorunlar\u0131 \u00e7\u00f6zmek i\u00e7in haz\u0131rd\u0131r. Deneyimli ve profesyonel ekibi, platformla ilgili her t\u00fcrl\u00fc soru, istek, \u00f6neri ve \u015fikayetlerinizi de\u011ferlendirerek k\u0131sa s\u00fcre i\u00e7inde geri d\u00f6n\u00fc\u015f sa\u011flar.<\/p>\n<p>Site y\u00f6netimi ve canl\u0131 destek hatt\u0131yla dilerseniz sosyal medya kanallar\u0131ndan da etkile\u015fime ge\u00e7ebilirsiniz. Platformun aktif ve resmi olarak kulland\u0131\u011f\u0131 Twitter ve Instagram hesaplar\u0131n\u0131 takip edebilirsiniz. Site, bu kanallar\u0131nda genelde adres, kampanya, bonus ve etklinlik gibi farkl\u0131 temalar\u0131 i\u00e7eren payla\u015f\u0131mlar yapar.<\/p>\n<p>Gamabet Twitter hesab\u0131 da aktif olarak kullan\u0131l\u0131r. G\u00fcncel giri\u015f adresine ula\u015fmak i\u00e7in bu sosyal medya kanal\u0131n\u0131 takip edebilirsiniz. Platform, bunlara ek olarak g\u00fcn\u00fcn banko kuponu, spor analizi ve yeni \u00fcyelere \u00f6zel f\u0131rsatlar\u0131 da payla\u015f\u0131r. Siz de kesintisiz ve avantajl\u0131 bahis deneyimi i\u00e7in Twitter hesab\u0131n\u0131 takip ederek avantajlardan yararlanabilirsiniz.<\/p>\n<p><a href=\"https:\/\/gamabetyeniampadresi.org\/kategori\/gamabet-hakkinda-bilgiler\/\"><strong>Gamabet Hakk\u0131nda Bilgiler<\/strong><\/a>i s\u0131ralad\u0131\u011f\u0131m\u0131z kategorimizi de ziyaret edebilirsiniz.<\/p>\n<h2>Gamabet Para Yat\u0131rma ve \u00c7ekme Y\u00f6ntemleri<\/h2>\n<p><img loading=\"lazy\" decoding=\"async\" class=\"wp-image-118 aligncenter\" src=\"https:\/\/gamabetyeniampadresi.org\/wp-content\/uploads\/2024\/05\/gamabet-altyapisi.png\" alt=\"gamabet altyap\u0131s\u0131\" width=\"998\" height=\"398\" srcset=\"https:\/\/gamabetyeniampadresi.org\/wp-content\/uploads\/2024\/05\/gamabet-altyapisi.png 3402w, https:\/\/gamabetyeniampadresi.org\/wp-content\/uploads\/2024\/05\/gamabet-altyapisi-300x120.png 300w, https:\/\/gamabetyeniampadresi.org\/wp-content\/uploads\/2024\/05\/gamabet-altyapisi-1024x409.png 1024w, https:\/\/gamabetyeniampadresi.org\/wp-content\/uploads\/2024\/05\/gamabet-altyapisi-768x307.png 768w, https:\/\/gamabetyeniampadresi.org\/wp-content\/uploads\/2024\/05\/gamabet-altyapisi-1536x613.png 1536w, https:\/\/gamabetyeniampadresi.org\/wp-content\/uploads\/2024\/05\/gamabet-altyapisi-2048x818.png 2048w\" sizes=\"auto, (max-width: 998px) 100vw, 998px\" \/><\/p>\n<p>Gamabet, farkl\u0131 se\u00e7eneklerde para yat\u0131rma ve \u00e7ekme y\u00f6ntemlerini sunar. \u0130\u015flemlerinizi h\u0131zl\u0131 ve sorunsuz bir \u015fekilde ger\u00e7ekle\u015ftirmek i\u00e7in size uygun olan alternatfileri kullanabilirsiniz. Site \u00fczerinden para yat\u0131rmak veya \u00e7ekmek istedi\u011finizde a\u015fa\u011f\u0131daki opsiyonlar\u0131 de\u011ferlendirebilirsiniz:<\/p>\n<ul>\n<li>Papara<\/li>\n<li>Parazula<\/li>\n<li>Banka transferi<\/li>\n<li>An\u0131nda Qr kod<\/li>\n<li>PayFix<\/li>\n<li>CepBank<\/li>\n<li>Mefete<\/li>\n<li>Envoy Soft<\/li>\n<li>Havale<\/li>\n<li>Kredi kart\u0131<\/li>\n<li>Kripto para<\/li>\n<\/ul>\n<p>Firma, para yat\u0131rma ve \u00e7ekme i\u015flemlerinizi daima g\u00fcvenli k\u0131lar. \u00d6yle ki ki\u015fisel ve \u00f6deme bilgileriniz her zaman koruma alt\u0131ndad\u0131r. Platform, kolayl\u0131k ve pratiklik sa\u011flamas\u0131 ad\u0131na mobil cihaz\u0131n\u0131zdan da para \u00e7ekme ve yat\u0131rma taleplerinizi ger\u00e7ekle\u015ftirmenizi sa\u011flar. Dolay\u0131s\u0131yla dakikalar i\u00e7erisinde finansal s\u00fcre\u00e7lerinizi y\u00f6netebilirsiniz. \u0130\u015flem s\u00fcrecinde herhangi bir sorunla kar\u015f\u0131la\u015f\u0131rsan\u0131z da canl\u0131 destek ekibine ba\u011flanabilirsiniz.<\/p>\n","protected":false},"excerpt":{"rendered":"<div class=\"mh-excerpt\"><p>Gamabet, bahis sekt\u00f6r\u00fcnde \u00fcyelerine sundu\u011fu f\u0131rsatlarla \u00f6ne \u00e7\u0131kan bir platformdur. Kazan\u00e7 ad\u0131na \u00e7e\u015fitli olanaklar tan\u0131yan site, m\u00fc\u015fteri memnuniyeti ve g\u00fcvenilirli\u011fi sa\u011flar. Birbirinden farkl\u0131 avantajl\u0131 bonuslar, canl\u0131 destek ve bahis alternatifleriyle ilgi \u00e7eker. Kullan\u0131c\u0131lara kay\u0131t olma, <a class=\"mh-excerpt-more\" href=\"https:\/\/gamabetyeniampadresi.org\/\" title=\"Gamabet Resmi Sitesine Giri\u015f Yap &#038; \u00dcye Ol\">[&#8230;]<\/a><\/p>\n<\/div>","protected":false},"author":1,"featured_media":0,"parent":0,"menu_order":0,"comment_status":"closed","ping_status":"closed","template":"","meta":{"footnotes":""},"class_list":["post-17","page","type-page","status-publish"],"amp_enabled":true,"_links":{"self":[{"href":"https:\/\/gamabetyeniampadresi.org\/index.php?rest_route=\/wp\/v2\/pages\/17","targetHints":{"allow":["GET"]}}],"collection":[{"href":"https:\/\/gamabetyeniampadresi.org\/index.php?rest_route=\/wp\/v2\/pages"}],"about":[{"href":"https:\/\/gamabetyeniampadresi.org\/index.php?rest_route=\/wp\/v2\/types\/page"}],"author":[{"embeddable":true,"href":"https:\/\/gamabetyeniampadresi.org\/index.php?rest_route=\/wp\/v2\/users\/1"}],"replies":[{"embeddable":true,"href":"https:\/\/gamabetyeniampadresi.org\/index.php?rest_route=%2Fwp%2Fv2%2Fcomments&post=17"}],"version-history":[{"count":18,"href":"https:\/\/gamabetyeniampadresi.org\/index.php?rest_route=\/wp\/v2\/pages\/17\/revisions"}],"predecessor-version":[{"id":182,"href":"https:\/\/gamabetyeniampadresi.org\/index.php?rest_route=\/wp\/v2\/pages\/17\/revisions\/182"}],"wp:attachment":[{"href":"https:\/\/gamabetyeniampadresi.org\/index.php?rest_route=%2Fwp%2Fv2%2Fmedia&parent=17"}],"curies":[{"name":"wp","href":"https:\/\/api.w.org\/{rel}","templated":true}]}}